0415444
What is 453543 (base 6) in base 13?
1465b
Convert 958c (base 15) to base 10.
31632
Convert 101000111110100011000 (base 2) to base 11.
837907
What is 104256534 (base 7) in base 15?
841ae9
-2433224243 (base 5) to base 8
-25756171
What is -13630304 (base 7) in base 10?
-1284686
What is 882248 (base 12) in base 8?
10173330
What is -b790 (base 14) in base 15?
-95c2
-98838 (base 10) to base 11
-68293
-446c6 (base 13) to base 6
-2355012
What is 317488 (base 10) in base 11?
1a7596
What is 223102111 (base 4) in base 7?
1335625
-42144303 (base 5) to base 15
-6da53
-304002 (base 6) to base 2
-101111010000010
Convert 32100113 (base 5) to base 8.
1014757
Convert -80468 (base 14) to base 11.
-1a0616
10011111001110011000 (base 2) to base 7
5354261
16375 (base 15) to base 6
1311432
What is 22202110000 (base 3) in base 11?
108559
Convert -67492 (base 14) to base 12.
-101048
What is 1111000101011110111011 (base 2) in base 16?
3c57bb
Convert 1ecbbf (base 16) to base 10.
2018239
What is -58fa3f (base 16) in base 9?
-11866845
Convert -110011010011101001000 (base 2) to base 13.
-46b30c
538003 (base 12) to base 14
265199
Convert -131509 (base 11) to base 3.
-101111211200
Convert 868326 (base 12) to base 16.
207dce
Convert 344571 (base 9) to base 7.
1520563
309986 (base 11) to base 4
1321022323
Convert -11b37 (base 12) to base 10.
-24091
-103110131 (base 4) to base 7
-446465
What is -110030301310 (base 4) in base 2?
-10100001100110001110100
Convert -16635031 (base 7) to base 6.
-55044551
What is 103223204 (base 5) in base 13?
12798a
What is -1456404 (base 11) in base 8?
-11415644
What is -63025 (base 7) in base 15?
-48a4
What is 4c012a (base 15) in base 13?
9a8280
200112021012 (base 3) to base 11
22a000
What is -394182 (base 12) in base 9?
-1682728
Convert -22111110102 (base 3) to base 7.
-1264454
What is -2110312 (base 8) in base 12?
-230a36
Convert -112222 (base 7) to base 11.
-1403a
-1012021020 (base 4) to base 9
-477086
What is -51067750 (base 8) in base 16?
-a46fe8
103122321212 (base 4) to base 13
10932a1
Convert 12212 (base 16) to base 3.
10202212022
Convert -352762 (base 12) to base 8.
-3205272
Convert -1430521 (base 7) to base 11.
-121565
8719 (base 12) to base 3
202101010
Convert -17832 (base 10) to base 4.
-10112220
What is 3020112200 (base 4) in base 2?
11001000010110100000
2df892 (base 16) to base 14
585d2a
-10010010110101111100011 (base 2) to base 15
-650a82
What is 155582 (base 9) in base 2?
10111011011101010
What is -524144 (base 6) in base 13?
-163b7
Convert -13012202131 (base 4) to base 3.
-10111120220011
-1011011111001011110110 (base 2) to base 10
-3011318
-5120112 (base 7) to base 14
-11c3b2
What is -6b8a87 (base 13) in base 7?
-30525236
What is 2b0bb (base 13) in base 5?
10101233
What is 12303322301 (base 4) in base 16?
1b3eb1
-4040310 (base 5) to base 10
-65080
What is -5a3e (base 16) in base 6?
-254542
What is 307128 (base 9) in base 3?
100021010222
8a057a (base 13) to base 8
14331104
-84232 (base 11) to base 5
-12411404
Convert -4c3c0 (base 14) to base 16.
-2dbd4
-1100243 (base 7) to base 10
-134585
Convert 12a109 (base 11) to base 3.
101100112011
What is -23333221 (base 4) in base 16?
-bfe9
What is -11234042 (base 5) in base 4?
-120333331
Convert 30557511 (base 8) to base 16.
62df49
What is -3ba60 (base 13) in base 7?
-643263
What is 3223311 (base 4) in base 16?
3af5
3023311034 (base 5) to base 13
13480a6
Convert -6d065 (base 16) to base 9.
-750513
-1f2ad (base 16) to base 8
-371255
Convert -1536343 (base 10) to base 16.
-177157
What is 101201220102 (base 3) in base 6?
4310232
39912 (base 12) to base 15
18665
-75131a (base 14) to base 10
-3960204
What is 168267 (base 11) in base 9?
435413
Convert 3252b (base 14) to base 6.
2335403
-334114433 (base 5) to base 4
-11213221132
What is 1040413444 (base 5) in base 10?
2279249
What is -2e7fc (base 16) in base 12?
-92278
What is 304573 (base 11) in base 15?
99e0c
What is -33332231311 (base 4) in base 2?
-1111111110101101110101
What is -21c6d (base 15) in base 4?
-122032210
What is 15466631 (base 7) in base 8?
5551364
Convert 2212120 (base 4) to base 16.
2998
What is 10101010111010111000011 (base 2) in base 7?
65414410
-3314111 (base 6) to base 8
-503173
What is -100011011011010000001100 (base 2) in base 12?
-313a290
What is 308563 (base 9) in base 3?
100022122010
Convert 2010671 (base 10) to base 14.
3a4a75
-876963 (base 11) to base 4
-11111303213
34774 (base 14) to base 4
133023102
Convert 76394 (base 13) to base 6.
4325305
-48951 (base 13) to base 10
-133407
What is 56d16 (base 14) in base 8?
634250
401325 (base 7) to base 14
1a985
Convert 60950 (base 11) to base 15.
1b57a
Convert 2211002313 (base 5) to base 15.
646b73
What is 1079754 (base 10) in base 11?
678265
-2b988 (base 16) to base 6
-3454412
What is f74f (base 16) in base 10?
63311
Convert -9b117 (base 15) to base 9.
-831234
Convert 1210110110122 (base 3) to base 9.
1713418
What is 1203897 (base 11) in base 14?
3c8bb4
-11aa01 (base 12) to base 15
-5a644
-448a6 (base 14) to base 10
-166354
What is 132267 (base 8) in base 4?
23102313
Convert -8cc4 (base 13) to base 16.
-4d34
-830a8 (base 12) to base 2
-101001110011000000
-1011100001000100 (base 2) to base 6
-1002220
What is -21310031203 (base 4) in base 3?
-11211201201001
Convert 130679 (base 12) to base 15.
6269c
Convert -25550261 (base 7) to base 12.
-945308
What is -ae1695 (base 15) in base 9?
-16561505
aa2600 (base 13) to base 7
46014214
What is 14f67 (base 16) in base 13?
3010b
What is 3b2989 (base 16) in base 3?
21021222121010
Convert -10323303311 (base 4) to base 7.
-13665206
Convert -12203032020 (base 4) to base 11.
-a73116
Convert -22222012032 (base 4) to base 3.
-12020221110200
b6ad60 (base 15) to base 5
4211144030
What is 111010001100011100 (base 2) in base 5?
30111424
What is -1e3307 (base 16) in base 9?
-3645777
331321233 (base 4) to base 2
111101111001101111
What is -2070683 (base 10) in base 6?
-112214255
Convert -10111001101100011110 (base 2) to base 15.
-100571
Convert 213303141 (base 5) to base 8.
3375116
What is -94c163 (base 13) in base 14?
-6691b9
Convert 14555231 (base 6) to base 14.
d4db5
-1340301 (base 6) to base 13
-28357
Convert -4704722 (base 8) to base 4.
-10320213102
2443203002 (base 5) to base 11
3325810
What is -10101001011101001110 (base 2) in base 8?
-2513516
37ec8 (base 16) to base 6
4524252
-19961 (base 14) to base 10
-64961
Convert 11210443 (base 7) to base 6.
32541054
Convert -53c21 (base 13) to base 9.
-250668
What is 2123180 (base 10) in base 7?
24022013
Convert db6ca (base 15) to base 10.
696790
-1233024 (base 5) to base 9
-36101
338499 (base 12) to base 14
176017
Convert 142a03 (base 11) to base 16.
36902
1120202001 (base 3) to base 6
400131
Convert 107ddaa (base 14) to base 2.
11101111001010010010010
What is ccdd (base 14) in base 6?
432123
Convert -1207150 (base 8) to base 14.
-88a92
What is -1029cdc (base 15) in base 6?
-1051005113
What is 6998a (base 11) in base 14?
28b52
What is 81011 (base 9) in base 12?
26977
What is -5011425 (base 6) in base 8?
-712711
What is 229ec (base 15) in base 12?
53973
What is 2131a (base 14) in base 8?
234474
Convert 235396 (base 11) to base 12.
15bb38
-11001110011000111101 (base 2) to base 15
-11a733
2112000023 (base 4) to base 15
c20ab
What is 5a5521 (base 15) in base 12?
1544804
-42589 (base 14) to base 11
-aa445
What is -1753e5 (base 16) in base 5?
-342410210
Convert 16210 (base 9) to base 8.
25542
-33b39 (base 13) to base 14
-26473
-21132051 (base 6) to base 10
-618655
Convert 29ce7 (base 15) to base 8.
406616
236655 (base 9) to base 6
3020335
-2223220310 (base 5) to base 8
-22536635
10230412 (base 6) to base 3
120012212122
Convert -5556205 (base 7) to base 13.
-1b05a7
What is -5044070 (base 8) in base 12?
-541274
Convert -17400 (base 12) to base 3.
-1200211100
Convert 1303010120 (base 4) to base 6.
14034012
174456 (base 11) to base 15
54c57
What is -111855 (base 12) in base 14?
-71453
What is 4243004132 (base 5) in base 9?
17756108
Convert -355422 (base 11) to base 2.
-10001001100101000001
What is -629127 (base 13) in base 4?
-20302231113
Convert 3340054 (base 10) to base 15.
45e9a4
1000000111110110000011 (base 2) to base 7
24045552
-158805 (base 11) to base 6
-5134153
What is -16252bb (base 13) in bas